f be d(5). Let r(c) = 60*c + 21. Let h be r(f). Suppose 2*o + 287 = h. Is o a prime number?
False
Let f(c) = c**2 - 14*c - 15. Let d be f(15). Suppose 0 = -2*i + 3*p + 7, -i + 5*p + 6 + 1 = d. Suppose o = -2*z + 153, -o - i*o - z + 484 = 0. Is o composite?
False
Let h(k) = -1. Let m(x) = -4*x - 15. Let d(r) = -5*h(r) + m(r). Let b = -109 + 92. Is d(b) composite?
True
Suppose -19518 = 4*y - 300146. Is y a composite number?
False
Let p = -15422 + 36501. Is p composite?
True
Let b(t) = -2*t + 2 - 1 - 5 + 4*t. Let j be b(-10). Let s = 155 + j. Is s prime?
True
Let r(y) = -6*y + 1 + 220*y**2 + 8*y + 50*y**2. Is r(-1) a prime number?
True
Let f = 79 - 130. Let a = 531 + f. Let u = a - 213. Is u composite?
True
Let b be 1094/4*19*-10. Let w be b/(-55) + (-2)/(-11). Suppose -7*n - w = -2758. Is n a prime number?
False
Suppose 0 = 2*s + 2*y - 14, 2*s - 5*y = -7 - 0. Suppose 0 = -s*f + 5*c + 2963, -4*c + 2029 + 907 = 4*f. Is f a composite number?
True
Suppose -5*t - 8 = -3. Let x be (-1)/(2/528)*-2. Is x/9 + t/(-3) a prime number?
True
Let n = -42 - -52. Suppose 9*u = n*u - 43. Is u a composite number?
False
Suppose -i + 6452 = -455. Is i a prime number?
True
Let v(m) = 6*m**2 - 12*m + 13. Is v(12) a prime number?
True
Suppose -3*r + 3*s + 10311 = -s, 17174 = 5*r - 3*s. Is r prime?
True
Let c = 35 + -27. Let t(b) = c*b**2 + 5*b + 14*b**2 + 2*b - 2*b**2 - 7. Is t(8) prime?
False
Let s be (-3)/(-2) + 12/(-8). Let i(w) = -2*w + 341. Is i(s) composite?
True
Let p(l) = l - 2. Let w be p(5). Let r be 2 + w/6*250. Suppose 2*n = r + 55. Is n composite?
True
Let m(k) be the third derivative of 0 + 1/120*k**6 + 1/6*k**3 + 5*k**2 + 3/8*k**4 + 0*k + 13/60*k**5. Is m(-12) prime?
True
Let d = 56 - 59. Is d*(-4)/24*2518 prime?
True
Let m be ((-36)/45)/((-4)/30). Let y(z) be the second derivative of -z**5/20 + 7*z**4/6 - z**3 - z**2/2 + 3*z. Is y(m) composite?
False
Let a be (-4)/(-8) - 3/(-2). Let n = 5 + a. Suppose -n*d + 6*d = -97. Is d a composite number?
False
Suppose -7*k + 2*k + 17033 = -3*i, -13640 = -4*k - i. Is k prime?
False
Suppose i - 4*d - 10 = 8, 3*d + 26 = 2*i. Suppose -4*c = -i*c + 2922. Is c prime?
True
Let j = 13208 + -7761. Is j a prime number?
False
Suppose 0 = -4*b + 31949 - 6185. Let u = b - 3412. Is u prime?
False
Suppose 2*a + 2*x = -10, -a + x = -6*a - 5. Suppose -4*l + 0*b - 2*b + 1150 = a, -2*l - 4*b + 566 = 0. Suppose l = -0*h + h. Is h prime?
False
Is (48/(-36))/((-3)/((-116082)/(-4))) a prime number?
False
Suppose 0 = -14*s - 0*s - 28. Is s + 14/4 - (-8622)/4 prime?
False
Suppose -23*p + 21*p = -4*d + 21558, p = -5. Is d a prime number?
True
Let b(u) be the second derivative of 53*u**3/3 + 63*u**2/2 - 25*u. Is b(22) a composite number?
True
Suppose -176*w = -173*w - 407679. Is w a composite number?
False
Suppose -1 - 3 = 2*h. Let y be -12*(-2)/(-8)*h. Suppose -y*m = -2*m - 332. Is m a prime number?
True
Let s(k) = 6*k**2 + 29*k + 155. Is s(28) a prime number?
False
Let g(q) = -2569*q**3 - q - 2. Let u be g(-1). Let x = 1093 + u. Is x a prime number?
False
Suppose f - 1937 = -2*h + 2*f, h = 5*f + 955. Suppose 3*p - 2*i - 566 = 41, -5*p = 5*i - h. Is p prime?
True
Suppose 7*l - 5653 - 1284 = 0. Is l a prime number?
True
Let t(i) = 140*i + 11 - 22 + 12 + 176*i. Is t(3) a composite number?
True
Let h(t) = -t**3 + 3 + 12*t**2 - 6*t + 4 - 3 - 5. Let l be h(9). Is (-2 - -1)*(-3 - l) a prime number?
True
Suppose 184 = 3*u + 28. Suppose 874 = 4*l + 78. Let c = u + l. Is c composite?
False
Let q(v) = -15*v - 32. Let n be q(-15). Suppose 2*i + 71 + 31 = 0. Let w = i + n. Is w composite?
True
Let q = 64 - 61. Suppose -n = -q*n + 1426. Is n prime?
False
Suppose -h - 212 = -5*h. Let p = 286 - h. Is p a prime number?
True
Suppose 5*y + 0*y = 0. Suppose y*i = i - 4. Suppose -245 = -i*b + 391. Is b a composite number?
True
Suppose 0 = 8*a - 7*a - 5*f - 962, 12 = -4*f. Is a prime?
True
Let g = 24959 + -13750. Is g a prime number?
False
Suppose 0 = 2*h - 7*h. Suppose -3*g + 797 = g + 3*p, h = -3*g + p + 601. Let v = 289 - g. Is v a prime number?
True
Let v = 35 - 30. Suppose -v*k - k = 2352. Let h = 553 + k. Is h a prime number?
False
Let y(f) = -24*f + 7. Suppose -3 = 3*d, -3*z + 4*z - d + 4 = 0. Let m be y(z). Let h = -44 + m. Is h prime?
True
Let z = 3546 + -1087. Is z a prime number?
True
Suppose 0 = 59*q - 71*q + 19452. Is q a prime number?
True
Suppose -2*o + 3867 = 5*i, -i + 353 = 2*o - 3510. Is o a composite number?
False
Let m(k) = 369*k**2 - 10*k + 34. Is m(-7) a composite number?
True
Suppose -3*g + 51731 = 4*u, -4*u = -16*g + 18*g - 34486. Is g prime?
False
Let o be ((-18)/15)/(1/(-520)). Let c = -227 + o. Is c a composite number?
False
Let o be -859*(-5)/(-10)*-2. Suppose -6*b = -497 - o. Is b a prime number?
False
Suppose 4 = 3*a + q, -a + 2*q + 12 = -3*q. Suppose 0*p = a*p - 474. Suppose 872 = 3*y + 2*x + p, -2*x + 846 = 4*y. Is y a prime number?
True
Is 18392/2 - -24*2/(-16) a composite number?
True
Suppose -3*p + 14 = -10*p. Let d(u) = -183*u - 1. Is d(p) prime?
False
Suppose 404*x - 402*x - 3266 = 0. Is x a composite number?
True
Let s be (-2)/3*-1429 + 1/3. Suppose x = -2*u + s, -402 = 2*x + 5*u - 2309. Is x prime?
False
Suppose 4*i - 45633 = -i - a, 27379 = 3*i + a. Is i a composite number?
False
Let w = 980 - 793. Is w composite?
True
Let w(x) = 2*x - 20. Let j be w(0). Let h = 190 + j. Suppose h = 2*g - 2*t + 3*t, 103 = g + 5*t. Is g prime?
True
Suppose 5*a = 6*a - 4*z - 10, 0 = a - 5*z - 10. Let s be (32/(-20))/((-4)/a). Is 37/4*3*s a prime number?
False
Suppose 3*f + 22 = 5*n, -3 = -2*n + 5*f + 2. Suppose 2*x = -x - 2*p - 2811, -n*x + 2*p - 4669 = 0. Is (2*-1)/(34/x) a composite number?
True
Let w = -16 - -21. Suppose -10 = -w*z + 4*z. Suppose 14*t - z*t = 1916. Is t prime?
True
Let j(n) = 38*n**2 + n + 1. Let d(x) = -x**2 - x - 1. Let c be d(0). Let t be j(c). Suppose -3*p + 5*p = t. Is p a composite number?
False
Let t(x) = -5*x**2 + 4*x + 6. Let y(f) = -10*f**2 + 9*f + 13. Let d(s) = -13*t(s) + 6*y(s). Suppose 12 = 2*k - 3*q, -2*q = 7*k - 9*k + 10. Is d(k) composite?
True
Suppose 18*q - 47 = 79. Is q a prime number?
True
Let b be (54/18)/((-1)/(-2)). Let x(q) = 115*q - 6 - b + 3. Is x(4) a prime number?
False
Let w(o) = 3*o + 0*o**3 + 6*o**3 + 4*o**2 - 2*o - 7*o**3. Let s be w(4). Suppose -s*j + 596 = 120. Is j prime?
False
Suppose -3*v + 3 = -4*v, 4*i = -3*v + 48563. Is i composite?
False
Let j(l) be the third derivative of -l**6/24 - l**5/30 - l**3/6 + 10*l**2. Is j(-2) a composite number?
False
Suppose 10*t - 4 = 6*t. Is ((-5)/(-15))/(11084/11082 - t) composite?
False
Let p = -95 - -165. Suppose -3*l = -5*l - p. Is -4 + (0 + -1)*l prime?
True
Let r(g) = 95*g**2 + 2*g + 2. Let c = -5 - -8. Let h be (c - 2) + 2/(-1). Is r(h) prime?
False
Suppose 3*l = 5*g - 4*g + 1182, 399 = l - 2*g. Is l prime?
False
Suppose 2*l - 3*f = 7*l - 31489, -18901 = -3*l + 2*f. Is l a composite number?
False
Let c = 594 - 193. Is c prime?
True
Let d(k) = k**2 + k - 1. Let i be d(2). Suppose 2*m + 120 = i*m. Let p = m - 7. Is p prime?
False
Let q(a) = -207*a + 10. Suppose 1 - 4 = p. Is q(p) a prime number?
True
Suppose -2*u + u = 4. Suppose 3983 - 383 = 60*f. Is (48/f)/(u/(-30)) composite?
True
Suppose 0 = -5*p - 0*p + 15. Suppose h = 3*d - 586, p*d + h - 786 = -d. Let z = d + -117. Is z prime?
True
Suppose -4 = -5*n + r + 16, 0 = -3*n + 3*r. Suppose h + 2 = 0, n*h = 3*c + c - 82. Suppose 2*j - 117 = -5*v, 2*v + 5*j = 33 + c. Is v a prime number?
True
Let p = -97 - -105. Suppose -m - m - p = 0, 6449 = 5*k + 4*m. Is k a prime number?
False
Suppose 0 = 2*m + 2 - 4. Let h be -6 + m + (-10 - -13). Is 128 + 2/(h/(-3)) composite?
False
Let p(n) = 2*n**3 - 8*n**2 - 16*n + 4. Let v be p(7). Suppose -2 = i, -v + 43 = -u - 3*i. Is u composite?
False
Let k(l) = -4*l**2 + 7*l - 11. Let d(h) = -h**2 + 2*h - 4. Let c(w) = 7*d(w) - 2*k(w). Is c(10) prime?
False
Suppose 7*i - 126 = -0*i. Suppose -2*j - i = -188. Is j composite?
True
Suppose -5*d - 17270 = -3*c - 2*c, -3*d = -2*c + 6907. Is c a composite number?
True
Suppose 127338 = 4*h + 2*c - 102648, -229984 = -4*h - 4*c. Is h prime?
False
Suppose 0 = 4*c - 2*q, 10*c - 4*q + 6 = 5*c. Is (-129)/(-9) + -1*c/6 composite?
True
Let w = 5356 - 447. Is w composite?
False
Let o be (-1 + 5)/(4/(-6)). Let n = o + 9. Suppos